{"id":699,"date":"2021-10-07T11:01:37","date_gmt":"2021-10-07T10:01:37","guid":{"rendered":"https:\/\/support.shiptimize.pt\/?page_id=699"},"modified":"2021-10-07T11:03:05","modified_gmt":"2021-10-07T10:03:05","slug":"sobre-nos","status":"publish","type":"page","link":"https:\/\/support.shiptimize.pt\/index.php\/sobre-nos\/","title":{"rendered":"Sobre n\u00f3s"},"content":{"rendered":"<h3>O que \u00e9 a Shiptimize<\/h3>\n<div><\/div>\n<div>\u00c9 uma solu\u00e7\u00e3o de gest\u00e3o de entregas digitais para lojas online.\u00a0Acrescentamos <strong>3 melhorias fundamentais<\/strong> ao seu processo de envio:<\/div>\n<div><\/div>\n<h4 id=\"Automatiza\u00e7\u00e3o\">Automatiza\u00e7\u00e3o<\/h4>\n<div>Ajudamos a automatizar alguns dos processos que podem limitar o tempo dedicado aos seus clientes como: Etiquetas de envio, e-mails de Rastreio e Seguimento, Estado de Envio, Envios de Devolu\u00e7\u00e3o, etc.<\/div>\n<h4 id=\"Agrega\u00e7\u00e3o\">Agrega\u00e7\u00e3o<\/h4>\n<div>Ajudamo-lo a reunir todas as suas necessidades numa plataforma f\u00e1cil de usar. Hist\u00f3rico de envios, M\u00faltiplas Transportadoras em uma s\u00f3 plataforma, Integra\u00e7\u00f5es de plugins com as lojas online, entre outros, todos dispon\u00edveis na Shiptimize.<\/div>\n<h4 id=\"Assist\u00eancia:\">Assist\u00eancia:<\/h4>\n<div>Estamos aqui para si em todas as etapas do caminho. Fazemos um acompanhamento direto com os clientes, ajudando-os com as suas quest\u00f5es relativas \u00e0 log\u00edstica ou quando algo corre mal com os seus envios, encarregamo-nos de representar os nossos clientes junto das transportadoras e mantemo-lo ao corrente de todo o processo.<\/div>\n<div><\/div>\n<p>&nbsp;<\/p>\n<div><\/div>\n<div><\/div>\n<div>\n<hr \/>\n<\/div>\n","protected":false},"excerpt":{"rendered":"<p>O que \u00e9 a Shiptimize \u00c9 uma solu\u00e7\u00e3o de gest\u00e3o de entregas digitais para lojas online.\u00a0Acrescentamos 3 melhorias fundamentais ao seu processo de envio: Automatiza\u00e7\u00e3o Ajudamos a automatizar alguns dos processos que podem limitar o tempo dedicado aos seus clientes como: Etiquetas de envio, e-mails de Rastreio e Seguimento, Estado de Envio, Envios de Devolu\u00e7\u00e3o, &hellip; <a href=\"https:\/\/support.shiptimize.pt\/index.php\/sobre-nos\/\">Continued<\/a><\/p>\n","protected":false},"author":1,"featured_media":0,"parent":0,"menu_order":0,"comment_status":"closed","ping_status":"closed","template":"","meta":{"footnotes":""},"class_list":["post-699","page","type-page","status-publish","hentry"],"_links":{"self":[{"href":"https:\/\/support.shiptimize.pt\/index.php\/wp-json\/wp\/v2\/pages\/699","targetHints":{"allow":["GET"]}}],"collection":[{"href":"https:\/\/support.shiptimize.pt\/index.php\/wp-json\/wp\/v2\/pages"}],"about":[{"href":"https:\/\/support.shiptimize.pt\/index.php\/wp-json\/wp\/v2\/types\/page"}],"author":[{"embeddable":true,"href":"https:\/\/support.shiptimize.pt\/index.php\/wp-json\/wp\/v2\/users\/1"}],"replies":[{"embeddable":true,"href":"https:\/\/support.shiptimize.pt\/index.php\/wp-json\/wp\/v2\/comments?post=699"}],"version-history":[{"count":4,"href":"https:\/\/support.shiptimize.pt\/index.php\/wp-json\/wp\/v2\/pages\/699\/revisions"}],"predecessor-version":[{"id":704,"href":"https:\/\/support.shiptimize.pt\/index.php\/wp-json\/wp\/v2\/pages\/699\/revisions\/704"}],"wp:attachment":[{"href":"https:\/\/support.shiptimize.pt\/index.php\/wp-json\/wp\/v2\/media?parent=699"}],"curies":[{"name":"wp","href":"https:\/\/api.w.org\/{rel}","templated":true}]}}